) = -71*q - 602. Calculate o(-7).
-105
Let q(f) = -35*f - 317. Give q(-11).
68
Let g(u) = 4*u**2 - 15*u + 54. Give g(4).
58
Let f(l) = -l**2 - 476*l + 26872. What is f(51)?
-5
Let y(r) = -r**2 + 328*r + 1662. Calculate y(-5).
-3
Let o(l) = l**2 - 9*l - 5. What is o(10)?
5
Let q(n) = 68*n**3 + 2*n**2 + 2*n - 4. Give q(-2).
-544
Let k(b) = -b**3 + 7*b**2 - 27*b + 18. Determine k(1).
-3
Let v(a) = a**3 - a**2 - 13*a + 39. Calculate v(3).
18
Let d(q) = q**3 - 9*q**2 + q + 40. What is d(8)?
-16
Let k(u) = u**2 - 5*u - 1. Determine k(-1).
5
Let n(f) = 219*f + 41610. What is n(-190)?
0
Let a(r) = 16*r**2 - r + 18. Calculate a(4).
270
Let u(i) = -i**2 + 32*i + 740. Calculate u(-21).
-373
Let x(a) = 7*a**2 - 8*a - 3. Give x(8).
381
Let b(y) = y**2 + 8*y - 389. Determine b(16).
-5
Let c(b) = -b**3 - 17*b**2 + 121*b + 55. Calculate c(-22).
-187
Let k(l) = 59*l + 190. Give k(-8).
-282
Let h(r) = -130*r + 3714. Determine h(29).
-56
Let p(u) = -57*u - 705. What is p(-13)?
36
Let s(d) = -d**2 - 11533*d - 23066. What is s(-2)?
-4
Let g(i) = -9*i**2 - 342*i + 21. What is g(-38)?
21
Let s(b) = -10789*b - 129466. Give s(-12).
2
Let f(y) = -689*y - 2076. What is f(-3)?
-9
Let q(o) = 65*o - 503. What is q(15)?
472
Let d(a) = 3*a**2 - 342*a - 689. Give d(116).
7
Let t(i) = -97*i + 11628. Determine t(120).
-12
Let z(l) = 4*l**2 - 101*l - 5. Determine z(0).
-5
Let n(k) = -93*k**2 - k + 3. Calculate n(1).
-91
Let h(c) = -c**3 + 21*c**2 + 159*c - 19. What is h(-6)?
-1
Let k(a) = a**2 - 81*a + 1079. What is k(17)?
-9
Let s(b) = b**3 - 2*b**2 - 2*b - 27. What is s(5)?
38
Let m(k) = -14*k + 235. Determine m(-11).
389
Let c(o) = 2*o**3 + 63*o**2 - 212*o - 21. What is c(3)?
-36
Let b(n) = 3*n**2 - 7*n - 218. Calculate b(9).
-38
Let u(s) = -s**3 + 7*s**2 + 18*s - 8. Give u(8).
72
Let s(h) = -h**3 - 5*h**2 + 21*h - 4. What is s(-8)?
20
Let r(q) = q**2 + 27*q + 183. Determine r(-15).
3
Let i(r) = 14*r - 24. Determine i(34).
452
Let i(c) = c**2 + 6*c - 280. Calculate i(-21).
35
Let q(h) = h**2 + 231*h + 7985. Give q(-42).
47
Let q(s) = 6*s + 294. Calculate q(-20).
174
Let m(f) = -f**3 + 46*f**2 - 169*f + 31. Determine m(42).
-11
Let j(m) = 2*m**3 + 13*m**2 - 75*m - 87. Give j(-1).
-1
Let h(d) = -d**2 + 25*d + 385. Determine h(-11).
-11
Let m(c) = 903*c - 21677. Give m(24).
-5
Let i(x) = 130*x + 33818. What is i(-260)?
18
Let k(g) = 4*g**3 + 7*g**2 - 39*g - 199. Calculate k(-6).
-577
Let v(n) = -7*n**3 + 1043*n**2 + 2113*n + 144. Give v(151).
-7
Let j(u) = 20*u - 425. Calculate j(15).
-125
Let q(n) = n**3 + 16*n**2 + 215*n + 4521. What is q(-18)?
3
Let r(h) = -45*h + 942. Determine r(20).
42
Let j(n) = 18*n. What is j(3)?
54
Let x(j) = -2*j**2 + 6*j + 79. What is x(12)?
-137
Let v(z) = -390*z + 2321. Determine v(6).
-19
Let j(y) = -y**3 - 33*y**2 + 133*y + 5281. Calculate j(-32).
1
Let q(x) = -5*x**2 + 99*x - 82. Give q(19).
-6
Let n(b) = b**3 - 22*b**2 + 9*b - 199. Calculate n(22).
-1
Let v(c) = c**3 - c**2 - 67*c + 174. Determine v(7).
-1
Let h(p) = -p**3 + 188*p**2 - 381*p + 1667. Give h(186).
-7
Let k(r) = -2*r**2 + 165*r - 216. Give k(78).
486
Let g(w) = -342*w + 1979. Calculate g(6).
-73
Let f(c) = 7*c**3 - 267*c**2 + 38*c + 17. What is f(38)?
17
Let q(r) = 113*r - 777. Give q(10).
353
Let u(z) = 22*z + 184. Calculate u(-5).
74
Let z(y) = -261*y - 8870. Calculate z(-34).
4
Let o(b) = b**3 + 11*b**2 - 44*b - 39. Calculate o(-14).
-11
Let w(a) = -412*a - 100. Give w(0).
-100
Let t(o) = -o**3 + 11*o**2 - 20*o + 60. Give t(4).
92
Let q(k) = 4*k**2 - 2*k - 5. Give q(-5).
105
Let d(t) = t**2 - 4*t - 40. Calculate d(16).
152
Let t(u) = u**3 - 10*u**2 - 37*u + 234. Determine t(6).
-132
Let h(v) = -1112*v - 3342. Determine h(-3).
-6
Let l(m) = m**2 - 376*m + 10069. Determine l(29).
6
Let n(s) = -s**2 + 59*s - 234. What is n(37)?
580
Let l(z) = 7490*z - 44943. Calculate l(6).
-3
Let c(u) = -175*u + 2081. What is c(12)?
-19
Let r(l) = 68*l - 682. What is r(10)?
-2
Let f(b) = 7*b**3 + 175*b**2 - 180*b + 38. Give f(-26).
-14
Let p(y) = -12*y**3 - 3*y**2 - y - 14. Calculate p(-3).
286
Let y(l) = -2*l**2 + 43*l + 6. Give y(21).
27
Let u(n) = -n**3 - 104*n**2 - 99*n + 408. Determine u(-103).
-4
Let j(u) = -26*u**2 - 138*u - 417. Give j(-3).
-237
Let x(o) = o**3 - 12*o + 154. Determine x(0).
154
Let i(f) = f**3 - 16*f**2 + 50*f - 14. Give i(10).
-114
Let b(g) = g**2 - 21*g + 32. Determine b(18).
-22
Let w(h) = 149*h + 3710. Determine w(-25).
-15
Let h(c) = -53036*c + 265185. Calculate h(5).
5
Let p(t) = -7*t**2 - 23*t. Calculate p(-5).
-60
Let h(u) = -1136*u + 3456. Calculate h(3).
48
Let a(t) = 2*t**3 + 6*t**2 - 18*t + 1. What is a(-5)?
-9
Let m(p) = -43*p**3 + 6*p**2 - 6*p + 2. Give m(1).
-41
Let a(w) = -w**3 - 34*w**2 + 69*w - 79. Determine a(-36).
29
Let l(w) = -51*w + 135. What is l(5)?
-120
Let s(l) = l - 43. Give s(23).
-20
Let n(a) = 3*a**3 - 140*a**2 - 50*a + 1. Determine n(47).
-140
Let v(g) = -g**3 + 60*g**2 + 186*g + 176. Give v(63).
-13
Let y(z) = -z**2 + 77*z - 374. Give y(70).
116
Let z(y) = 19*y + 318. Determine z(-21).
-81
Let n(q) = -q**3 + 9*q**2 + 32*q - 260. What is n(9)?
28
Let i(y) = -2*y**3 - 27*y**2 + 93*y + 1617. What is i(-11)?
-11
Let w(h) = h**3 + 10*h**2 - 6*h + 10. Calculate w(-11).
-45
Let p(l) = -2*l - 46. What is p(-73)?
100
Let j(m) = -m**3 - 8*m**2 + 58*m + 11. Calculate j(-12).
-109
Let f(r) = -180*r - 9. Determine f(3).
-549
Let j(h) = h**3 - 36*h**2 + 65*h + 118. Give j(34).
16
Let v(m) = -m**2 - 279*m - 3515. What is v(-13)?
-57
Let r(c) = -94*c - 238. Determine r(-11).
796
Let n(y) = -130*y + 4575. Calculate n(35).
25
Let m(j) = -886*j + 2683. Calculate m(3).
25
Let q(i) = -2*i**3 + 8*i**2 + 25*i - 11. Calculate q(6).
-5
Let y(z) = 662*z - 8638. What is y(13)?
-32
Let f(v) = 252*v - 855. Give f(0).
-855
Let f(a) = 9*a**2 + 3*a - 2. Determine f(2).
40
Let y(r) = r**2 - 25*r + 121. What is y(19)?
7
Let u(f) = f**3 + 4*f**2 - 2*f + 18. Calculate u(-7).
-115
Let f(x) = -x**3 + 724*x**2 + 5855*x - 6. Determine f(-8).
2
Let i(k) = -6*k**3 - 2*k**2 - 5*k + 7. Calculate i(1).
-6
Let p(c) = 14*c**3 - 5*c**2 + 7*c - 5. Determine p(2).
101
Let t(b) = -b**2 - 106*b - 2320. What is t(-76)?
-40
Let a(n) = 75*n - 343. What is a(3)?
-118
Let i(j) = 22*j + 1228. Determine i(-58).
-48
Let m(w) = 463*w + 2329. Calculate m(-5).
14
Let i(q) = q**3 - 6*q**2 - 12*q + 39. Calculate i(8).
71
Let f(c) = 9*c**2 + 39*c - 2. Give f(-4).
-14
Let y(x) = 6*x**2 + 62*x + 17. Calculate y(-10).
-3
Let x(v) = v**2 - 49*v + 254. Determine x(6).
-4
Let u(a) = 921*a - 163942. Determine u(178).
-4
Let z(r) = 4*r**3 - 202*r**2 + 91*r + 440. Calculate z(50).
-10
Let d(c) = c**2 + 96*c + 1227. What is d(-15)?
12
Let k(v) = v**3 + 88*v**2 + 194*v - 5177. Give k(-85).
8
Let a(l) = -372*l - 14835. Calculate a(-40).
45
Let t(p) = p**3 - 169*p**2 - 2564*p - 14. What is t(-14)?
14
Let g(c) = -c**3 + 3*c**2 + 152*c + 34. Determine g(14).
6
Let q(g) = g**2 + 157*g + 5890. Determine q(-63).
-32
Let l(f) = 13*f**2 - 6*f - 25. What is l(6)?
407
Let b(r) = -r**2 + 10*r - 43. What is b(5)?
-18
Let z(o) = o**3 - 12*o**2 + 41*o + 4. Determine z(8).
76
Let p(a) = -4*a**2 - 1141*a + 3145. What is p(-288)?
-23
Let x(b) = -2*b**2 + 138*b - 2323. Calculate x(29).
-3
Let r(s) = -s**3 - 15*s**2 - 27*s + 13. What is r(-10)?
-217
Let d(b) = -771*b + 23845. Calculate d(31).
-56
Let w(t) = -27*t**2 - 12*t + 23. Give w(2).
-109
Let p(j) = -2*j**3 + 28*j**2 + 27*j + 40. What is p(15)?
-5
Let m(h) = 13*h**2 - 70*h - 46. What is m(6)?
2
Let j(p) = 15*p - 58. Give j(-4).
-118
Let x(v) = 84*v - 1193. What is x(14)?
-17
Let v(t) = 8*t + 262. Give v(-39).
-50
Let s(h) = -h**3 + 117*h**2 + 2738*h + 274. Calculate s(137).
0
Let p(r) = 4*r**2 - 10*r - 6. Calculate p(8).
170
Let x(g) = -11*g**2 + g + 2. Calculate x(1).
-8
Let l(c) = -c**3 + 39*c**2 - 2*c + 15. Calculate l(39).
-63
Let q(n) = 54*n - 1148. Calculate q(21).
-14
Let m(q) = -q**2 - 211*q - 5282. What is m(-29)?
-4
Let r(s) = -s**2 - 23*s + 48. What is r(-28)?
-92
Let i(m) = -m**3 - 5*m**2 - 21*m - 21. Calculate i(-2).
9
Let t(r) = 13*r + 45. Give t(0).
45
Let x(w) = -2*w**3 - 21*w**2 - 2*w + 99. What is x(-10)?
19
Let h(y) = -152*y + 1026. Give h(7).
-38
Let s(f) = 73*f - 3295. Determine s(46).
63
Let w(z) = -156*z + 17271. Give w(111).
-45
Let t(p) = 2*p**3 - 3